{"id":34,"date":"2012-10-04T18:58:58","date_gmt":"2012-10-04T18:58:58","guid":{"rendered":"http:\/\/pilatesfisioterapiatorrejon.com\/?page_id=34"},"modified":"2024-01-02T11:30:28","modified_gmt":"2024-01-02T11:30:28","slug":"mente","status":"publish","type":"page","link":"http:\/\/pilatesfisioterapiatorrejon.com\/?page_id=34","title":{"rendered":"MENTE"},"content":{"rendered":"<div id=\"a-slot-10-body-1\" style=\"text-align: justify;\">\n<div id=\"a-slot-content-10-body-1\">\n<p>Tan importante como trabajar el cuerpo lo es trabajar la mente, por eso, en nuestro centro complementamos el trabajo f\u00edsico con otras t\u00e9cnicas m\u00e1s dirigidas a trabajar la mente, para lograr armon\u00eda y bienestar interior.<\/p>\n<p><a href=\"http:\/\/pilatesfisioterapiatorrejon.com\/wp-content\/uploads\/2012\/10\/0044eSSentiafotografiaAlbum.jpg\"><img loading=\"lazy\" decoding=\"async\" class=\"aligncenter size-full wp-image-481\" title=\"0044eSSentiafotografiaAlbum\" src=\"http:\/\/pilatesfisioterapiatorrejon.com\/wp-content\/uploads\/2012\/10\/0044eSSentiafotografiaAlbum.jpg\" alt=\"\" width=\"680\" height=\"472\" srcset=\"http:\/\/pilatesfisioterapiatorrejon.com\/wp-content\/uploads\/2012\/10\/0044eSSentiafotografiaAlbum.jpg 1024w, http:\/\/pilatesfisioterapiatorrejon.com\/wp-content\/uploads\/2012\/10\/0044eSSentiafotografiaAlbum-300x208.jpg 300w, http:\/\/pilatesfisioterapiatorrejon.com\/wp-content\/uploads\/2012\/10\/0044eSSentiafotografiaAlbum-460x319.jpg 460w, http:\/\/pilatesfisioterapiatorrejon.com\/wp-content\/uploads\/2012\/10\/0044eSSentiafotografiaAlbum-688x477.jpg 688w\" sizes=\"auto, (max-width: 680px) 100vw, 680px\" \/><\/a><\/p>\n<\/div>\n<\/div>\n<div id=\"a-slot-10-body-15\" style=\"text-align: justify;\">\n<div id=\"a-slot-content-10-body-15\">\n<p><span style=\"color: #ffffff;\">.<\/span><\/p>\n<p><span style=\"color: #cc0000;\"><em><strong>Beneficios<br \/>\n<\/strong><\/em><\/span><\/p>\n<\/div>\n<\/div>\n<div id=\"a-slot-10-body-2\" style=\"text-align: justify;\">\n<div id=\"a-slot-content-10-body-2\">\n<p>Si estamos bien por dentro, nos mantendremos mejor por fuera.<\/p>\n<p>Nuestras lesiones se recuperar\u00e1n antes si las afrontamos con un buen estado de \u00e1nimo.<\/p>\n<\/div>\n<\/div>\n<div id=\"a-slot-10-body-3\" style=\"text-align: justify;\">\n<div id=\"a-slot-content-10-body-3\">\n<p><span style=\"color: #cc0000;\"><em><strong>Actividades<\/strong><\/em><\/span><\/p>\n<\/div>\n<\/div>\n<div id=\"a-slot-10-body-10\" style=\"text-align: justify;\">\n<div id=\"a-slot-content-10-body-10\">\n<p>Mindfulness<\/p>\n<p>Damaru talleres y cursos<strong><br \/>\n<\/strong><\/p>\n<\/div>\n<p><span style=\"color: #cc0000;\"><em><strong>M\u00e1s informaci\u00f3n<\/strong><\/em><\/span><\/p>\n<p>Javier 696 20 75 47<\/p>\n<p><em><strong>\u00a0<\/strong><\/em><\/p>\n<\/div>\n","protected":false},"excerpt":{"rendered":"<p>Tan importante como trabajar el cuerpo lo es trabajar la mente, por eso, en nuestro centro complementamos el trabajo f\u00edsico con otras t\u00e9cnicas m\u00e1s dirigidas a trabajar la mente, para lograr armon\u00eda y bienestar interior. . Beneficios Si estamos bien por dentro, nos mantendremos mejor por fuera. Nuestras lesiones se recuperar\u00e1n antes si las afrontamos &hellip; <\/p>\n<p class=\"link-more\"><a href=\"http:\/\/pilatesfisioterapiatorrejon.com\/?page_id=34\" class=\"more-link\">Continuar leyendo<span class=\"screen-reader-text\"> \u00abMENTE\u00bb<\/span><\/a><\/p>\n","protected":false},"author":1,"featured_media":0,"parent":0,"menu_order":8,"comment_status":"closed","ping_status":"closed","template":"","meta":{"_monsterinsights_skip_tracking":false,"_monsterinsights_sitenote_active":false,"_monsterinsights_sitenote_note":"","_monsterinsights_sitenote_category":0,"two_page_speed":[],"footnotes":"","_links_to":"","_links_to_target":""},"class_list":["post-34","page","type-page","status-publish","hentry"],"aioseo_notices":[],"_links":{"self":[{"href":"http:\/\/pilatesfisioterapiatorrejon.com\/index.php?rest_route=\/wp\/v2\/pages\/34","targetHints":{"allow":["GET"]}}],"collection":[{"href":"http:\/\/pilatesfisioterapiatorrejon.com\/index.php?rest_route=\/wp\/v2\/pages"}],"about":[{"href":"http:\/\/pilatesfisioterapiatorrejon.com\/index.php?rest_route=\/wp\/v2\/types\/page"}],"author":[{"embeddable":true,"href":"http:\/\/pilatesfisioterapiatorrejon.com\/index.php?rest_route=\/wp\/v2\/users\/1"}],"replies":[{"embeddable":true,"href":"http:\/\/pilatesfisioterapiatorrejon.com\/index.php?rest_route=%2Fwp%2Fv2%2Fcomments&post=34"}],"version-history":[{"count":34,"href":"http:\/\/pilatesfisioterapiatorrejon.com\/index.php?rest_route=\/wp\/v2\/pages\/34\/revisions"}],"predecessor-version":[{"id":1226,"href":"http:\/\/pilatesfisioterapiatorrejon.com\/index.php?rest_route=\/wp\/v2\/pages\/34\/revisions\/1226"}],"wp:attachment":[{"href":"http:\/\/pilatesfisioterapiatorrejon.com\/index.php?rest_route=%2Fwp%2Fv2%2Fmedia&parent=34"}],"curies":[{"name":"wp","href":"https:\/\/api.w.org\/{rel}","templated":true}]}}

<div id="a-slot-10-body-1" style="text-align: justify;">
<div id="a-slot-content-10-body-1">
<p>Tan importante como trabajar el cuerpo lo es trabajar la mente, por eso, en nuestro centro complementamos el trabajo físico con otras técnicas más dirigidas a trabajar la mente, para lograr armonía y bienestar interior.</p>
<p><a href="http://pilatesfisioterapiatorrejon.com/wp-content/uploads/2012/10/0044eSSentiafotografiaAlbum.jpg"><img loading="lazy" decoding="async" class="aligncenter size-full wp-image-481" title="0044eSSentiafotografiaAlbum" src="http://pilatesfisioterapiatorrejon.com/wp-content/uploads/2012/10/0044eSSentiafotografiaAlbum.jpg" alt="" width="680" height="472" srcset="http://pilatesfisioterapiatorrejon.com/wp-content/uploads/2012/10/0044eSSentiafotografiaAlbum.jpg 1024w, http://pilatesfisioterapiatorrejon.com/wp-content/uploads/2012/10/0044eSSentiafotografiaAlbum-300x208.jpg 300w, http://pilatesfisioterapiatorrejon.com/wp-content/uploads/2012/10/0044eSSentiafotografiaAlbum-460x319.jpg 460w, http://pilatesfisioterapiatorrejon.com/wp-content/uploads/2012/10/0044eSSentiafotografiaAlbum-688x477.jpg 688w" sizes="auto, (max-width: 680px) 100vw, 680px" /></a></p>
</div>
</div>
<div id="a-slot-10-body-15" style="text-align: justify;">
<div id="a-slot-content-10-body-15">
<p><span style="color: #ffffff;">.</span></p>
<p><span style="color: #cc0000;"><em><strong>Beneficios<br />
</strong></em></span></p>
</div>
</div>
<div id="a-slot-10-body-2" style="text-align: justify;">
<div id="a-slot-content-10-body-2">
<p>Si estamos bien por dentro, nos mantendremos mejor por fuera.</p>
<p>Nuestras lesiones se recuperarán antes si las afrontamos con un buen estado de ánimo.</p>
</div>
</div>
<div id="a-slot-10-body-3" style="text-align: justify;">
<div id="a-slot-content-10-body-3">
<p><span style="color: #cc0000;"><em><strong>Actividades</strong></em></span></p>
</div>
</div>
<div id="a-slot-10-body-10" style="text-align: justify;">
<div id="a-slot-content-10-body-10">
<p>Mindfulness</p>
<p>Damaru talleres y cursos<strong><br />
</strong></p>
</div>
<p><span style="color: #cc0000;"><em><strong>Más información</strong></em></span></p>
<p>Javier 696 20 75 47</p>
<p><em><strong> </strong></em></p>
</div>

<p>Tan importante como trabajar el cuerpo lo es trabajar la mente, por eso, en nuestro centro complementamos el trabajo físico con otras técnicas más dirigidas a trabajar la mente, para lograr armonía y bienestar interior. . Beneficios Si estamos bien por dentro, nos mantendremos mejor por fuera. Nuestras lesiones se recuperarán antes si las afrontamos &hellip; </p>
<p class="link-more"><a href="http://pilatesfisioterapiatorrejon.com/?page_id=34" class="more-link">Continuar leyendo<span class="screen-reader-text"> «MENTE»</span></a></p>
